e prime factors of z(2)?
2, 19
Let h = -74 - -42. Let n = 9 - h. Suppose -5*w + 4 = -n. What are the prime factors of w?
3
What are the prime factors of (12/8)/((-15)/(-410))?
41
Suppose -5*a = 5*s - 230, s = -a - a + 96. Let u = -32 + a. List the prime factors of u.
2, 3
Suppose 0 = -g - 4*g. Suppose -3*y + 47 = 5*d - g*y, 2 = -2*y. Suppose -4*s + d = -2*s. List the prime factors of s.
5
Suppose -h + 36 + 29 = 0. List the prime factors of h.
5, 13
Suppose 0 = -0*d - 2*d. Suppose d*u = 2*u - 20. Suppose -u = -h + 2. What are the prime factors of h?
2, 3
Let g(k) = -k**3 - 6*k**2 + 19*k + 3. List the prime factors of g(-9).
3, 5
Suppose -11 = -4*t + 21. List the prime factors of t/6 - 4/(-6).
2
Let j(h) = -h**2 - h. Let f(k) = 40*k**2 - 2*k - 1. Let b(n) = f(n) - j(n). Let g be b(-1). Suppose -5*q + g + 19 = 0. List the prime factors of q.
2, 3
Suppose 15 = -0*c + 3*c. Suppose 145 = -c*p - 0*p. Let j = -21 - p. List the prime factors of j.
2
Let i = -33 + 47. Let z(f) = 16*f**2 + f - 2. Let m be z(-2). What are the prime factors of m/i - 16/56?
2
Suppose 5*u - 166 = -5*s + 4*u, -54 = -s + 5*u. What are the prime factors of s?
2, 17
Let q = 8 - 10. What are the prime factors of 2*((-15)/q)/1?
3, 5
Let b be (-1)/((-20)/7 - -3). Let l = b - -15. List the prime factors of l.
2
Let z(t) = 34*t**2 + 5*t - 9. List the prime factors of z(3).
2, 3, 13
Suppose 0 = -4*y + 3*q + 25, -4*y + y + 4*q = -10. Suppose o + o = y. List the prime factors of o.
5
Let f(q) = -6*q - 2. Let b be f(-2). Suppose -k = -0*k - b. What are the prime factors of k?
2, 5
What are the prime factors of (6/(-8))/((-3)/2160*5)?
2, 3
Let w(k) = 2*k**3 - 3*k**2 - k + 2. Suppose -3*s + y + 4 = -2*s, 3*s = -5*y + 4. What are the prime factors of w(s)?
2, 13
Let i = 68 + -21. Suppose i = 2*z - 13. Suppose 0 = -5*s + z. List the prime factors of s.
2, 3
Suppose 5*a - 44 = -f, 0 = -5*f - 2*a + 69 + 197. Let j be 1*f/21*7. List the prime factors of (j/(-8))/((-3)/8).
2, 3
Let q(k) = -k**3 + 4*k**2 + 2*k + 3. Let r be q(3). Suppose 0 = -5*i - o + 47, -o + r = 3*i + 3*o. Suppose 0*t - i = -t. What are the prime factors of t?
2, 5
Let o be (-2 - (-5 - -1)) + 11. What are the prime factors of (o - 1)*(-1)/(-2)?
2, 3
Suppose y = 5*y - 3*u - 87, y - 3*u - 33 = 0. What are the prime factors of y?
2, 3
What are the prime factors of 2 + (0/(-3))/(-4)?
2
Let h(f) = f - 5. Let r be h(4). Let g(t) = 22*t**2 - t - 1. List the prime factors of g(r).
2, 11
Let a(o) = 2*o**2 - o. Suppose -4 - 4 = -4*w - 3*l, -l = 0. List the prime factors of a(w).
2, 3
Suppose -27 - 60 = -3*r. List the prime factors of r.
29
What are the prime factors of -2 + 1 + 246/3?
3
Let v = -14 - -6. Let p = 10 + v. What are the prime factors of p?
2
Let g(x) = -x**2 - 8*x - 5. Let o(a) = a**3 - 3*a**2 - 3*a + 1. Let h be o(3). Let z be g(h). Let k = 19 + z. List the prime factors of k.
2, 7
Suppose -2*b + 165 = 3*b - 2*i, -5*b - 3*i = -140. What are the prime factors of b?
31
Suppose -11 = 3*b - 5*h, 2*h - 11 = -5*b + 3*h. Suppose -5*u + 32 = -4*c + 79, 2*c - b*u = 23. List the prime factors of c.
13
Let g(r) = -5*r**3 + 2*r**2 - r - 1. Let n be g(2). Let d(x) = x - 9. Let j be d(13). What are the prime factors of j/10 - 371/n?
11
Suppose 6*u - 4 = 5*u. Let l(q) = -q**3 + 5*q**2 - 4*q + 5. What are the prime factors of l(u)?
5
Let u be 2/6 - (-28)/(-12). What are the prime factors of (5*-3)/(3/u)?
2, 5
Let n(m) be the third derivative of -m**4/3 + m**3/6 + 3*m**2. List the prime factors of n(-1).
3
Suppose -s + 5 = -2. Let p(n) = n**3 - 6*n**2 - 5*n - 4. List the prime factors of p(s).
2, 5
Let w(a) = -a**3 + 4*a**2 + 1. Let i be w(4). Let c = i - 12. Let p = 18 + c. List the prime factors of p.
7
Let w be ((-12)/8)/(9/(-6)). What are the prime factors of 3*(w + -2) - -13?
2, 5
Let c be (6/(-4))/((-1)/14). Let r = 23 - c. What are the prime factors of r?
2
Let m be (-1 + 1 - -3) + 3. Let i = m - -7. List the prime factors of i.
13
Let u be ((-55)/22)/((-2)/4). Suppose 0 = -u*l + 10 + 130. List the prime factors of l.
2, 7
Suppose -9 = z + 4*y, -5*z = -10*z - 5*y - 15. Let c = z - 7. Let d = -2 - c. List the prime factors of d.
2, 3
Let y = 1 - 2. Let o(g) = 0*g - 30*g**3 - g + 26*g**3. List the prime factors of o(y).
5
Suppose -2*d - 16 + 80 = 0. List the prime factors of d.
2
Suppose 3*s = 4*f - f - 135, 0 = 4*s - 12. Suppose 2*q - 6*q = -f. List the prime factors of q.
2, 3
Suppose 2*t + 6 = 26. What are the prime factors of ((-26)/t - -2)*-25?
3, 5
Let b(r) be the second derivative of r**4/12 + 2*r**3/3 - r**2 + 4*r. Let k be b(-5). Suppose -k*t - 4 = -40. What are the prime factors of t?
2, 3
Suppose -3*x = -5*x + 92. Suppose 5*q - x - 34 = 0. List the prime factors of q.
2
Let l be -4 - -5 - 4/(-2). Suppose l*r + r = 116. What are the prime factors of r?
29
Let i be 3 + -1 + 1 - -10. Let t = 25 - i. What are the prime factors of t?
2, 3
Suppose 3*u + 17 = s, 0*u = -2*u - 10. Suppose 4*q - 2*x = 4, -2 = -q - x + s. Suppose -q*t - 16 = -2*h, -t - 2*t - 15 = -2*h. What are the prime factors of h?
3
Suppose 2*j + 15 = -z, 9*j - 4*j = -3*z - 40. Let m(f) = f**3 + 5*f**2 - 2*f - 6. List the prime factors of m(z).
2
Let s(n) = -n**3 - 6*n**2 + 6*n - 4. Suppose -3*b = 28 - 7. Let c be s(b). Let z = 14 - c. What are the prime factors of z?
11
Suppose 0 = -4*l - 2*o + 176, o = -5*l + 125 + 89. List the prime factors of l.
2, 3, 7
Suppose -2*f = -3*i + 4*i - 195, 0 = -5*i - 5*f + 980. List the prime factors of i.
197
Suppose 0 = -3*r + 2*c + c + 333, -3*r - 5*c + 301 = 0. List the prime factors of r.
107
Let v = 24 + -6. List the prime factors of v.
2, 3
Let h be 2*-1 + 8 + -1. Suppose -10 = -h*f + 3*s, -3 + 13 = -3*f + 5*s. List the prime factors of f.
5
Suppose 6*j - j = 0. Let a = j + 2. What are the prime factors of a?
2
Suppose -2*b = 4*m + 4, -3 = -5*b + m - 2. Let j = b - -1. Suppose -x + 7 = j. What are the prime factors of x?
2, 3
Suppose -n + 3 = 14. Let u(i) = -3*i - 4. List the prime factors of u(n).
29
Suppose -3*y + 204 = y. What are the prime factors of y?
3, 17
Let s(w) = 52*w - 2. Let g(l) = 103*l - 5. Let a(t) = -3*g(t) + 7*s(t). Let p be a(1). Suppose -2*j - 2*j + p = 0. What are the prime factors of j?
2, 7
List the prime factors of ((-468)/45)/((-4)/10).
2, 13
Let x = 4 - 3. Let t be (1/2)/(x/2). Let z(d) = 15*d**3 - d**2 + 2*d - 1. List the prime factors of z(t).
3, 5
Let x be (1 + -4)/((-6)/8). Let m = 8 + x. Let g = m - 7. List the prime factors of g.
5
Suppose 2*j - 2*d = 4*j - 98, 2*j - 5*d - 126 = 0. List the prime factors of j.
53
Suppose 0 = 3*v - 5*g - 380, v = 2*g + 2*g + 136. What are the prime factors of v?
2, 3, 5
Suppose -8*b + 3*b = -215. List the prime factors of b.
43
Suppose 0 = -4*o + 4, 0 = a - 3*o - 17. List the prime factors of a.
2, 5
Let j(a) = a**3 + 7*a**2 - a - 4. Suppose 4*o + m = 5, -14 = -4*o + m - 3. Suppose 1 = -3*l - 5*i, -3*l = -o*l - 5*i + 27. List the prime factors of j(l).
3
Let d be 27/6 - 2/4. Suppose -p + 27 = -2*k, d*k = -2*p + k + 26. Suppose 3*w = -5*j + 30, 2*w = 7*w - 2*j - p. List the prime factors of w.
5
Suppose 8*d = 12*d - 180. List the prime factors of d.
3, 5
Suppose -15 = -b - z, 0*z + 26 = 2*b + 3*z. List the prime factors of b.
19
Let h be (136/(-12))/((-2)/(-3)). Let p = h - -22. List the prime factors of p.
5
Suppose -5*u = -u + 16. What are the prime factors of u/10 + (-66)/(-15)?
2
Let x = 21 - 19. Suppose 3*m + 0 = -3, 67 = x*z + m. What are the prime factors of z?
2, 17
Suppose -2*r + 26 = -3*q + 4*q, 0 = 5*q + r - 94. What are the prime factors of (-65)/(-3) - 12/q?
3, 7
Let x(g) = g**3 + 4*g**2. Let d be x(-3). Let i(n) = 11*n - 7 + n**3 - 5 - 10*n**2 - n**3 + n**3. List the prime factors of i(d).
2, 3
Suppose -2*n = -n - 108. Let j be n/10 + (-1)/(-5). Let a = j - 6. List the prime factors of a.
5
Let n = 50 + -12. List the prime factors of n.
2, 19
Let u be 3/(54/15 - 3). Suppose 2*x + 5*j = 2*j + 24, 5*j - 55 = -u*x. List the prime factors of x.
3
Let w(x) = 3*x**2 - x + 1. Let q be w(1). Let g(z) = -z**3 + 3*z**2 + 3*z + 2. List the prime factors of g(q).
11
Suppose -4*i + 8 - 4 = 0. Suppose -i - 17 = -3*y. List the prime factors of y.
2, 3
Let d = 1 + -1. List the prime factors of (-3 - -5) + d/(-1).
2
Let h(g) = -5*g**2 - 2*g - 1. Let y be h(-1